+ -10210?
1121111321
In base 8, what is -6630733 + 12?
-6630721
In base 15, what is -7 - -2ad8a?
2ad83
In base 7, what is -4 - -2345661?
2345654
In base 4, what is 1302 - -12033122?
12101030
In base 16, what is 8d8 + 12d9d?
13675
In base 16, what is -727 + cdc1?
c69a
In base 2, what is -101101000000111010011000 + 0?
-101101000000111010011000
In base 6, what is 4 + 4233511423?
4233511431
In base 12, what is 16 + -22b2a?
-22b14
In base 14, what is -ab0 + -14a6?
-2176
In base 11, what is -6 - 34524a0?
-34524a6
In base 5, what is 1341 - 14213340?
-14211444
In base 13, what is -20aa15 + -1c6?
-20ac0b
In base 15, what is -15a97 + -30c?
-15da4
In base 6, what is 152240 - 45?
152151
In base 6, what is -401 + -10121212?
-10122013
In base 11, what is 6a8016 + 1a?
6a8035
In base 13, what is 4 - -2779918?
277991c
In base 3, what is 20111111222 + 1222?
20111120221
In base 4, what is -102211 + 31320003?
31211132
In base 15, what is -3 - -14e7cb?
14e7c8
In base 13, what is -258c3a9 - -18?
-258c391
In base 12, what is 21125bb + 5?
2112604
In base 12, what is 1b5b1 - 366?
1b247
In base 9, what is 4 + -1667418?
-1667414
In base 11, what is -11961011 - -1?
-11961010
In base 12, what is 2 + 558713a4?
558713a6
In base 10, what is 7 - 4069960?
-4069953
In base 6, what is 32042424 + 5?
32042433
In base 14, what is 27ba + -620?
219a
In base 2, what is 10 + 11010110000110110001?
11010110000110110011
In base 16, what is 9e3d448 + -1?
9e3d447
In base 7, what is 6 - 210204204?
-210204165
In base 8, what is 7 - 2337453?
-2337444
In base 4, what is 2103 + -121013100?
-121010331
In base 7, what is -3626 - -31350?
24421
In base 2, what is -10001011011000 - 101011011?
-10010000110011
In base 8, what is 31212524 + -103?
31212421
In base 16, what is -26d + 1922da?
19206d
In base 13, what is 163b4c29 - -3?
163b4c2c
In base 3, what is -10 + -111101021100100?
-111101021100110
In base 3, what is -110 - -22200201221?
22200201111
In base 13, what is -3585a2 + 1?
-3585a1
In base 16, what is 5548ca - -9?
5548d3
In base 7, what is 125340060 + -10?
125340050
In base 4, what is -21331020313 + 2?
-21331020311
In base 15, what is -496 + -3bc1?
-4167
In base 7, what is 34625 + 54?
35012
In base 7, what is 352 - 2623105?
-2622423
In base 12, what is -8 + -247408a?
-2474096
In base 5, what is -4133 + -141100?
-200233
In base 13, what is 4 + 5100532c?
51005333
In base 15, what is -27ae - -a4ba?
7c0b
In base 8, what is 23 + -14654337?
-14654314
In base 12, what is -1758912 + -2?
-1758914
In base 10, what is 18409753 + 2?
18409755
In base 3, what is 1 + -100220100012?
-100220100011
In base 14, what is -8 - 99c32d?
-99c337
In base 2, what is 101 - 100001101101001011010?
-100001101101001010101
In base 11, what is -1588a91 - -1?
-1588a90
In base 10, what is -23 - 1140298?
-1140321
In base 6, what is -21321404354 - 4?
-21321404402
In base 7, what is 0 + 1216345132?
1216345132
In base 8, what is -30013 + 204?
-27607
In base 3, what is -112101222020 + 20201?
-112101201112
In base 10, what is 8015076 + 5?
8015081
In base 8, what is 140407140 - 2?
140407136
In base 9, what is 2830874 + 1051?
2832035
In base 13, what is -5 + -2c5664b?
-2c56653
In base 4, what is -210120 - 132003331?
-132220111
In base 4, what is -21 + -310003203?
-310003230
In base 12, what is -5 - 29a28677?
-29a28680
In base 6, what is 12333345 + 5?
12333354
In base 4, what is 1231121022100 - 3?
1231121022031
In base 6, what is 21 - -24032100?
24032121
In base 9, what is -2078 - 2082?
-4171
In base 14, what is 7acb9b + 14?
7acbb1
In base 8, what is 5 + -7427656?
-7427651
In base 5, what is -10 + -133331122?
-133331132
In base 5, what is 432222303 - 11?
432222242
In base 7, what is -310626061 - 0?
-310626061
In base 6, what is -32201412 + -3?
-32201415
In base 14, what is -68303 - -2aa?
-68037
In base 10, what is 303 + -2734?
-2431
In base 11, what is -35605a572 + -1?
-35605a573
In base 8, what is -4 - 3677717?
-3677723
In base 11, what is a15 + -187a76?
-187061
In base 4, what is 101320130320202 + -11?
101320130320131
In base 2, what is -1101101110 + -100100000001000101?
-100100001110110011
In base 16, what is 144a0 + -10?
14490
In base 15, what is 0 - -11b1a54?
11b1a54
In base 10, what is 4690429 + -2?
4690427
In base 9, what is -108617 - -114?
-108503
In base 11, what is -224a7982 - 1?
-224a7983
In base 14, what is 5430c18 - 5?
5430c13
In base 11, what is -411 - 2a92?
-33a3
In base 9, what is -14767 - -47353?
32475
In base 16, what is f + bc768?
bc777
In base 8, what is 113702 + 206?
114110
In base 8, what is -243607 - -1647?
-241740
In base 14, what is -a + -2223bb2?
-2223bbc
In base 8, what is 3202256 - -3?
3202261
In base 13, what is -1ca6 - 101?
-20a7
In base 15, what is 3e20 - 267?
3ba8
In base 4, what is -12 + -11002302113022?
-11002302113100
In base 6, what is -12 + 44252213?
44252201
In base 8, what is 37 + 246136041?
246136100
In base 2, what is 1010 + 101101000011111010110110000?
101101000011111010110111010
In base 16, what is -73 - -5aa05?
5a992
In base 3, what is -101220 + -10201122212?
-10202001202
In base 2, what is 1010100001001001000 + 1010000100?
1010100010011001100
In base 15, what is 114 + -122a1d?
-122909
In base 16, what is 4 + 262bcb0?
262bcb4
In base 6, what is -21234 + 20114?
-1120
In base 6, what is -1301411435 + -51?
-1301411530
In base 11, what is -18 - a294952?
-a29496a
In base 16, what is 6318075 - 2?
6318073
In base 10, what is -539 + 6208?
5669
In base 5, what is -223242042 - 112?
-223242204
In base 10, what is 110725 + -472?
110253
In base 10, what is 18 - -254447?
254465
In base 15, what is -46c58 + 380?
-468c8
In base 7, what is 1 - 331626162?
-331626161
In base 5, what is -2124432000343 - 4?
-2124432000402
In base 4, what is -21133100 - -332?
-21132102
In base 3, what is 12212012 + -12220020?
-1001
In base 15, what is bd9ab2 + 6?
bd9ab8
In base 11, what is -31266 + 5221?
-27045
In base 6, what is -20 + -100301510?
-100301530
In base 4, what is -1201123002 + -13201?
-1201202203
In base 4, what is 1 - -3102331333222?
3102331333223
In base 7, what is -4 - 60016326?
-60016333
In base 2, what is 100011010110010110111101011 + -100?
100011010110010110111100111
In base 11, what is -13372 - 91?
-13453
In base 11, what is -a - 661995?
-6619a4
In base 6, what is -4 - -132213030?
132213022
In base 14, what is dc821cb - 5?
dc821c6
In base 3, what is -1000101021200110021 - 10?
-1000101021200110101
In base 3, what is -1220201000 - 101100?
-1221002100
In base 4, what is 121 - 102300000030?
-102233333303
In base 11, what is -75 + 5a94440?
5a94376
In base 2, what is 101110000000011100 - 10011010100?
101101101101001000
In base 6, what is -12450310 + -2540?
-12453250
In base 10, what is 92103 + 136?
92239
In base 3, what is -1001202100212101 + 1?
-1001202100212100
In base 8, what is 5 + -161156005?
-161156000
In base 10, what is -68464 - -249?
-68215
In base 14, what is a - 997d036?
-997d02a
In base 4, what is -22220011310 - 23?
-22220011333
In base 3, what is -11 - 201111211121?
-201111211202
In base 10, what is 10889226 + -20?
10889206
In base 4, what is 11102210220 + 2311?
11102213131
In base 12, what is 2 + -a785668?
-a785666
In base 16, what is -d0eba3 - 2?
-d0eba5
In base 6, what is -33350535 - 4?
-33350543
In base 11, what is 2600 + -23a8?
203
In base 8, what is 57 + -66657?
-66600
In base 13, what is -44a5114 + 11?
-44a5103
In base 7, what is -3 + 2531334656?
2531334653
In base 4, what is -10 - 21033122022?
-21033122032
In base 15, what is -141aa9d + 4?
-141aa99
In base 12, what is -138598 + 147?
-138451
In base 4, what is -12 + -1302121020000?
-1302121020012
In base 4, what is -1110033 + 212203?
-231230
In base 14, what is -2 - b1d525?
-b1d527
In base 15, what is 7e - -33e4c?
33ecb
In base 3, what is -102102210022120200 - -2?
-102102210022120121
In base 16, what is -20e + 5f6?
3e8
In base 10, what is 2 + 74663019?
74663021
In base 6, what is -2 - 100111542?
-100111544
In base 12, what is -1 + 313b654?
313b653
In base 9, what is 153004 + 7671?
161675
In base 4, what is -11 - -10012003111312?
10012003111301
In base 8, what is -234 - -21515?
21261
In base 14, what is -6d55a15 - 15?
-6d55a2a
In base 16, what is 41192ce + 2?
41192d0
In base 2, what is 10010101 - 100010001011100?
-100001111000111
In base 6, what 